{"id":763,"date":"2023-11-24T14:09:57","date_gmt":"2023-11-24T14:09:57","guid":{"rendered":"https:\/\/wavewoman.world\/site\/?page_id=763"},"modified":"2023-11-24T14:30:42","modified_gmt":"2023-11-24T14:30:42","slug":"projetos-sociais","status":"publish","type":"page","link":"https:\/\/wavewoman.world\/site\/projetos-sociais\/","title":{"rendered":"Projetos Sociais"},"content":{"rendered":"\t\t<div data-elementor-type=\"wp-page\" data-elementor-id=\"763\" class=\"elementor elementor-763\" data-elementor-post-type=\"page\">\n\t\t\t\t<div class=\"elementor-element elementor-element-447f18ac e-flex e-con-boxed e-con e-parent\" data-id=\"447f18ac\" data-element_type=\"container\" data-settings=\"{&quot;background_background&quot;:&quot;classic&quot;,&quot;shape_divider_bottom&quot;:&quot;mountains&quot;}\">\n\t\t\t\t\t<div class=\"e-con-inner\">\n\t\t\t\t<div class=\"elementor-shape elementor-shape-bottom\" aria-hidden=\"true\" data-negative=\"false\">\n\t\t\t<svg xmlns=\"http:\/\/www.w3.org\/2000\/svg\" viewBox=\"0 0 1000 100\" preserveAspectRatio=\"none\">\n\t<path class=\"elementor-shape-fill\" opacity=\"0.33\" d=\"M473,67.3c-203.9,88.3-263.1-34-320.3,0C66,119.1,0,59.7,0,59.7V0h1000v59.7 c0,0-62.1,26.1-94.9,29.3c-32.8,3.3-62.8-12.3-75.8-22.1C806,49.6,745.3,8.7,694.9,4.7S492.4,59,473,67.3z\"\/>\n\t<path class=\"elementor-shape-fill\" opacity=\"0.66\" d=\"M734,67.3c-45.5,0-77.2-23.2-129.1-39.1c-28.6-8.7-150.3-10.1-254,39.1 s-91.7-34.4-149.2,0C115.7,118.3,0,39.8,0,39.8V0h1000v36.5c0,0-28.2-18.5-92.1-18.5C810.2,18.1,775.7,67.3,734,67.3z\"\/>\n\t<path class=\"elementor-shape-fill\" d=\"M766.1,28.9c-200-57.5-266,65.5-395.1,19.5C242,1.8,242,5.4,184.8,20.6C128,35.8,132.3,44.9,89.9,52.5C28.6,63.7,0,0,0,0 h1000c0,0-9.9,40.9-83.6,48.1S829.6,47,766.1,28.9z\"\/>\n<\/svg>\t\t<\/div>\n\t\t\t\t<div class=\"elementor-element elementor-element-40b0a591 elementor-widget elementor-widget-heading\" data-id=\"40b0a591\" data-element_type=\"widget\" data-widget_type=\"heading.default\">\n\t\t\t\t<div class=\"elementor-widget-container\">\n\t\t\t\t\t<h1 class=\"elementor-heading-title elementor-size-default\">O Projeto Social<\/h1>\t\t\t\t<\/div>\n\t\t\t\t<\/div>\n\t\t\t\t\t<\/div>\n\t\t\t\t<\/div>\n\t\t<div class=\"elementor-element elementor-element-bb0191e e-flex e-con-boxed e-con e-parent\" data-id=\"bb0191e\" data-element_type=\"container\">\n\t\t\t\t\t<div class=\"e-con-inner\">\n\t\t\t\t<div class=\"elementor-element elementor-element-fa0710b elementor-widget elementor-widget-heading\" data-id=\"fa0710b\" data-element_type=\"widget\" data-widget_type=\"heading.default\">\n\t\t\t\t<div class=\"elementor-widget-container\">\n\t\t\t\t\t<h2 class=\"elementor-heading-title elementor-size-default\">W<\/h2>\t\t\t\t<\/div>\n\t\t\t\t<\/div>\n\t\t\t\t<div class=\"elementor-element elementor-element-8861e07 elementor-widget elementor-widget-heading\" data-id=\"8861e07\" data-element_type=\"widget\" data-widget_type=\"heading.default\">\n\t\t\t\t<div class=\"elementor-widget-container\">\n\t\t\t\t\t<h2 class=\"elementor-heading-title elementor-size-default\">O mar nasceu para todos<\/h2>\t\t\t\t<\/div>\n\t\t\t\t<\/div>\n\t\t\t\t<div class=\"elementor-element elementor-element-6f095ce elementor-widget elementor-widget-text-editor\" data-id=\"6f095ce\" data-element_type=\"widget\" data-widget_type=\"text-editor.default\">\n\t\t\t\t<div class=\"elementor-widget-container\">\n\t\t\t\t\t\t\t\t\t<p>Todo brasileiro merece ter a chance de mergulhar no mar<\/p>\t\t\t\t\t\t\t\t<\/div>\n\t\t\t\t<\/div>\n\t\t\t\t\t<\/div>\n\t\t\t\t<\/div>\n\t\t<div class=\"elementor-element elementor-element-5350407 e-flex e-con-boxed e-con e-parent\" data-id=\"5350407\" data-element_type=\"container\">\n\t\t\t\t\t<div class=\"e-con-inner\">\n\t\t<div class=\"elementor-element elementor-element-592b59f e-flex e-con-boxed e-con e-child\" data-id=\"592b59f\" data-element_type=\"container\">\n\t\t\t\t\t<div class=\"e-con-inner\">\n\t\t\t\t<div class=\"elementor-element elementor-element-9e3b145 elementor-widget elementor-widget-heading\" data-id=\"9e3b145\" data-element_type=\"widget\" data-widget_type=\"heading.default\">\n\t\t\t\t<div class=\"elementor-widget-container\">\n\t\t\t\t\t<h2 class=\"elementor-heading-title elementor-size-default\">AutoEstima &amp; Autoconhecimento<\/h2>\t\t\t\t<\/div>\n\t\t\t\t<\/div>\n\t\t\t\t\t<\/div>\n\t\t\t\t<\/div>\n\t\t<div class=\"elementor-element elementor-element-9775c47 e-con-full e-flex e-con e-child\" data-id=\"9775c47\" data-element_type=\"container\">\n\t\t\t\t<div class=\"elementor-element elementor-element-6447795 elementor-widget elementor-widget-image\" data-id=\"6447795\" data-element_type=\"widget\" data-widget_type=\"image.default\">\n\t\t\t\t<div class=\"elementor-widget-container\">\n\t\t\t\t\t\t\t\t\t\t\t\t\t\t\t<img fetchpriority=\"high\" decoding=\"async\" width=\"399\" height=\"161\" src=\"https:\/\/wavewoman.world\/site\/wp-content\/uploads\/2023\/11\/criancas.png\" class=\"attachment-large size-large wp-image-765\" alt=\"\" srcset=\"https:\/\/wavewoman.world\/site\/wp-content\/uploads\/2023\/11\/criancas.png 399w, https:\/\/wavewoman.world\/site\/wp-content\/uploads\/2023\/11\/criancas-300x121.png 300w\" sizes=\"(max-width: 399px) 100vw, 399px\" \/>\t\t\t\t\t\t\t\t\t\t\t\t\t\t\t<\/div>\n\t\t\t\t<\/div>\n\t\t\t\t<\/div>\n\t\t<div class=\"elementor-element elementor-element-1a49e3a e-con-full e-flex e-con e-child\" data-id=\"1a49e3a\" data-element_type=\"container\">\n\t\t\t\t<div class=\"elementor-element elementor-element-79392c1 elementor-widget elementor-widget-heading\" data-id=\"79392c1\" data-element_type=\"widget\" data-widget_type=\"heading.default\">\n\t\t\t\t<div class=\"elementor-widget-container\">\n\t\t\t\t\t<h2 class=\"elementor-heading-title elementor-size-default\">Legado &amp; <br>Prop\u00f3sito<\/h2>\t\t\t\t<\/div>\n\t\t\t\t<\/div>\n\t\t\t\t<\/div>\n\t\t\t\t\t<\/div>\n\t\t\t\t<\/div>\n\t\t<div class=\"elementor-element elementor-element-09fd46b e-flex e-con-boxed e-con e-parent\" data-id=\"09fd46b\" data-element_type=\"container\">\n\t\t\t\t\t<div class=\"e-con-inner\">\n\t\t\t\t<div class=\"elementor-element elementor-element-0d380cb elementor-widget elementor-widget-image-gallery\" data-id=\"0d380cb\" data-element_type=\"widget\" data-widget_type=\"image-gallery.default\">\n\t\t\t\t<div class=\"elementor-widget-container\">\n\t\t\t\t\t\t\t<div class=\"elementor-image-gallery\">\n\t\t\t<div id='gallery-1' class='gallery galleryid-763 gallery-columns-3 gallery-size-full'><figure class='gallery-item'>\n\t\t\t<div class='gallery-icon landscape'>\n\t\t\t\t<a data-elementor-open-lightbox=\"yes\" data-elementor-lightbox-slideshow=\"0d380cb\" data-elementor-lightbox-title=\"mar-1\" data-e-action-hash=\"#elementor-action%3Aaction%3Dlightbox%26settings%3DeyJpZCI6NzY2LCJ1cmwiOiJodHRwczpcL1wvd2F2ZXdvbWFuLndvcmxkXC9zaXRlXC93cC1jb250ZW50XC91cGxvYWRzXC8yMDIzXC8xMVwvbWFyLTEucG5nIiwic2xpZGVzaG93IjoiMGQzODBjYiJ9\" href='https:\/\/wavewoman.world\/site\/wp-content\/uploads\/2023\/11\/mar-1.png'><img decoding=\"async\" width=\"373\" height=\"247\" src=\"https:\/\/wavewoman.world\/site\/wp-content\/uploads\/2023\/11\/mar-1.png\" class=\"attachment-full size-full\" alt=\"\" srcset=\"https:\/\/wavewoman.world\/site\/wp-content\/uploads\/2023\/11\/mar-1.png 373w, https:\/\/wavewoman.world\/site\/wp-content\/uploads\/2023\/11\/mar-1-300x199.png 300w\" sizes=\"(max-width: 373px) 100vw, 373px\" \/><\/a>\n\t\t\t<\/div><\/figure><figure class='gallery-item'>\n\t\t\t<div class='gallery-icon landscape'>\n\t\t\t\t<a data-elementor-open-lightbox=\"yes\" data-elementor-lightbox-slideshow=\"0d380cb\" data-elementor-lightbox-title=\"mar-2\" data-e-action-hash=\"#elementor-action%3Aaction%3Dlightbox%26settings%3DeyJpZCI6NzY3LCJ1cmwiOiJodHRwczpcL1wvd2F2ZXdvbWFuLndvcmxkXC9zaXRlXC93cC1jb250ZW50XC91cGxvYWRzXC8yMDIzXC8xMVwvbWFyLTIucG5nIiwic2xpZGVzaG93IjoiMGQzODBjYiJ9\" href='https:\/\/wavewoman.world\/site\/wp-content\/uploads\/2023\/11\/mar-2.png'><img decoding=\"async\" width=\"372\" height=\"248\" src=\"https:\/\/wavewoman.world\/site\/wp-content\/uploads\/2023\/11\/mar-2.png\" class=\"attachment-full size-full\" alt=\"\" srcset=\"https:\/\/wavewoman.world\/site\/wp-content\/uploads\/2023\/11\/mar-2.png 372w, https:\/\/wavewoman.world\/site\/wp-content\/uploads\/2023\/11\/mar-2-300x200.png 300w\" sizes=\"(max-width: 372px) 100vw, 372px\" \/><\/a>\n\t\t\t<\/div><\/figure><figure class='gallery-item'>\n\t\t\t<div class='gallery-icon landscape'>\n\t\t\t\t<a data-elementor-open-lightbox=\"yes\" data-elementor-lightbox-slideshow=\"0d380cb\" data-elementor-lightbox-title=\"mar-3\" data-e-action-hash=\"#elementor-action%3Aaction%3Dlightbox%26settings%3DeyJpZCI6NzY4LCJ1cmwiOiJodHRwczpcL1wvd2F2ZXdvbWFuLndvcmxkXC9zaXRlXC93cC1jb250ZW50XC91cGxvYWRzXC8yMDIzXC8xMVwvbWFyLTMucG5nIiwic2xpZGVzaG93IjoiMGQzODBjYiJ9\" href='https:\/\/wavewoman.world\/site\/wp-content\/uploads\/2023\/11\/mar-3.png'><img loading=\"lazy\" decoding=\"async\" width=\"367\" height=\"245\" src=\"https:\/\/wavewoman.world\/site\/wp-content\/uploads\/2023\/11\/mar-3.png\" class=\"attachment-full size-full\" alt=\"\" srcset=\"https:\/\/wavewoman.world\/site\/wp-content\/uploads\/2023\/11\/mar-3.png 367w, https:\/\/wavewoman.world\/site\/wp-content\/uploads\/2023\/11\/mar-3-300x200.png 300w\" sizes=\"(max-width: 367px) 100vw, 367px\" \/><\/a>\n\t\t\t<\/div><\/figure>\n\t\t<\/div>\n\t\t<\/div>\n\t\t\t\t\t\t<\/div>\n\t\t\t\t<\/div>\n\t\t\t\t\t<\/div>\n\t\t\t\t<\/div>\n\t\t<div class=\"elementor-element elementor-element-4437a6f e-flex e-con-boxed e-con e-parent\" data-id=\"4437a6f\" data-element_type=\"container\">\n\t\t\t\t\t<div class=\"e-con-inner\">\n\t\t\t\t<div class=\"elementor-element elementor-element-855ba28 elementor-widget elementor-widget-text-editor\" data-id=\"855ba28\" data-element_type=\"widget\" data-widget_type=\"text-editor.default\">\n\t\t\t\t<div class=\"elementor-widget-container\">\n\t\t\t\t\t\t\t\t\t<p><span class=\"OYPEnA text-decoration-none text-strikethrough-none\">O que precisamos: \u00f4nibus escolar para viajar. Volunt\u00e1rios. vale-alimenta\u00e7\u00e3o para almo\u00e7o\/ lanche tarde\/lanche volta &#8211; Combust\u00edvel<\/span><\/p>\t\t\t\t\t\t\t\t<\/div>\n\t\t\t\t<\/div>\n\t\t\t\t\t<\/div>\n\t\t\t\t<\/div>\n\t\t<div class=\"elementor-element elementor-element-15604d4 e-flex e-con-boxed e-con e-parent\" data-id=\"15604d4\" data-element_type=\"container\" data-settings=\"{&quot;background_background&quot;:&quot;classic&quot;,&quot;shape_divider_top&quot;:&quot;mountains&quot;}\">\n\t\t\t\t\t<div class=\"e-con-inner\">\n\t\t\t\t<div class=\"elementor-shape elementor-shape-top\" aria-hidden=\"true\" data-negative=\"false\">\n\t\t\t<svg xmlns=\"http:\/\/www.w3.org\/2000\/svg\" viewBox=\"0 0 1000 100\" preserveAspectRatio=\"none\">\n\t<path class=\"elementor-shape-fill\" opacity=\"0.33\" d=\"M473,67.3c-203.9,88.3-263.1-34-320.3,0C66,119.1,0,59.7,0,59.7V0h1000v59.7 c0,0-62.1,26.1-94.9,29.3c-32.8,3.3-62.8-12.3-75.8-22.1C806,49.6,745.3,8.7,694.9,4.7S492.4,59,473,67.3z\"\/>\n\t<path class=\"elementor-shape-fill\" opacity=\"0.66\" d=\"M734,67.3c-45.5,0-77.2-23.2-129.1-39.1c-28.6-8.7-150.3-10.1-254,39.1 s-91.7-34.4-149.2,0C115.7,118.3,0,39.8,0,39.8V0h1000v36.5c0,0-28.2-18.5-92.1-18.5C810.2,18.1,775.7,67.3,734,67.3z\"\/>\n\t<path class=\"elementor-shape-fill\" d=\"M766.1,28.9c-200-57.5-266,65.5-395.1,19.5C242,1.8,242,5.4,184.8,20.6C128,35.8,132.3,44.9,89.9,52.5C28.6,63.7,0,0,0,0 h1000c0,0-9.9,40.9-83.6,48.1S829.6,47,766.1,28.9z\"\/>\n<\/svg>\t\t<\/div>\n\t\t<div class=\"elementor-element elementor-element-0a8de6d e-flex e-con-boxed e-con e-child\" data-id=\"0a8de6d\" data-element_type=\"container\">\n\t\t\t\t\t<div class=\"e-con-inner\">\n\t\t\t\t<div class=\"elementor-element elementor-element-bf033e4 elementor-widget elementor-widget-image\" data-id=\"bf033e4\" data-element_type=\"widget\" data-widget_type=\"image.default\">\n\t\t\t\t<div class=\"elementor-widget-container\">\n\t\t\t\t\t\t\t\t\t\t\t\t\t\t\t<img loading=\"lazy\" decoding=\"async\" width=\"652\" height=\"237\" src=\"https:\/\/wavewoman.world\/site\/wp-content\/uploads\/2023\/11\/wave-social.png\" class=\"attachment-large size-large wp-image-777\" alt=\"\" srcset=\"https:\/\/wavewoman.world\/site\/wp-content\/uploads\/2023\/11\/wave-social.png 652w, https:\/\/wavewoman.world\/site\/wp-content\/uploads\/2023\/11\/wave-social-300x109.png 300w, https:\/\/wavewoman.world\/site\/wp-content\/uploads\/2023\/11\/wave-social-600x218.png 600w\" sizes=\"(max-width: 652px) 100vw, 652px\" \/>\t\t\t\t\t\t\t\t\t\t\t\t\t\t\t<\/div>\n\t\t\t\t<\/div>\n\t\t\t\t<div class=\"elementor-element elementor-element-43fd411 elementor-widget elementor-widget-heading\" data-id=\"43fd411\" data-element_type=\"widget\" data-widget_type=\"heading.default\">\n\t\t\t\t<div class=\"elementor-widget-container\">\n\t\t\t\t\t<h2 class=\"elementor-heading-title elementor-size-default\">Contribui\u00e7\u00e3o ao terceiro setor<\/h2>\t\t\t\t<\/div>\n\t\t\t\t<\/div>\n\t\t\t\t<div class=\"elementor-element elementor-element-25e0070 elementor-widget elementor-widget-text-editor\" data-id=\"25e0070\" data-element_type=\"widget\" data-widget_type=\"text-editor.default\">\n\t\t\t\t<div class=\"elementor-widget-container\">\n\t\t\t\t\t\t\t\t\t<p>Parte da renda destinadas \u00e0 causas urgentes e relevantes.<\/p><p>Tempo dedicado a ensinar mulheres que n\u00e3o tem condi\u00e7\u00f5es financeiras de participar de treinamentos. Oferecemos de forma gratuita para nossos clientes, empresas contratantes e parceiros comerciais.<\/p>\t\t\t\t\t\t\t\t<\/div>\n\t\t\t\t<\/div>\n\t\t\t\t\t<\/div>\n\t\t\t\t<\/div>\n\t\t\t\t\t<\/div>\n\t\t\t\t<\/div>\n\t\t<div class=\"elementor-element elementor-element-1befa70 e-flex e-con-boxed e-con e-parent\" data-id=\"1befa70\" data-element_type=\"container\" data-settings=\"{&quot;background_background&quot;:&quot;classic&quot;}\">\n\t\t\t\t\t<div class=\"e-con-inner\">\n\t\t<div class=\"elementor-element elementor-element-063dc7c e-con-full e-flex e-con e-child\" data-id=\"063dc7c\" data-element_type=\"container\">\n\t\t\t\t<div class=\"elementor-element elementor-element-5a6d89f elementor-widget elementor-widget-heading\" data-id=\"5a6d89f\" data-element_type=\"widget\" data-widget_type=\"heading.default\">\n\t\t\t\t<div class=\"elementor-widget-container\">\n\t\t\t\t\t<h2 class=\"elementor-heading-title elementor-size-default\">Institui\u00e7\u00f5es<\/h2>\t\t\t\t<\/div>\n\t\t\t\t<\/div>\n\t\t\t\t<\/div>\n\t\t<div class=\"elementor-element elementor-element-c20e69b e-con-full e-flex e-con e-child\" data-id=\"c20e69b\" data-element_type=\"container\">\n\t\t<div class=\"elementor-element elementor-element-1a8519b e-flex e-con-boxed e-con e-child\" data-id=\"1a8519b\" data-element_type=\"container\">\n\t\t\t\t\t<div class=\"e-con-inner\">\n\t\t<div class=\"elementor-element elementor-element-0877360 e-flex e-con-boxed e-con e-child\" data-id=\"0877360\" data-element_type=\"container\">\n\t\t\t\t\t<div class=\"e-con-inner\">\n\t\t\t\t<div class=\"elementor-element elementor-element-80a96a2 elementor-widget__width-inherit elementor-widget elementor-widget-image\" data-id=\"80a96a2\" data-element_type=\"widget\" data-widget_type=\"image.default\">\n\t\t\t\t<div class=\"elementor-widget-container\">\n\t\t\t\t\t\t\t\t\t\t\t\t\t\t\t\t<a href=\"https:\/\/www.instagram.com\/associacaofernandabianchini\/\" target=\"_blank\">\n\t\t\t\t\t\t\t<img loading=\"lazy\" decoding=\"async\" width=\"520\" height=\"140\" src=\"https:\/\/wavewoman.world\/site\/wp-content\/uploads\/2023\/11\/associacao-fernanda.png\" class=\"attachment-full size-full wp-image-782\" alt=\"\" srcset=\"https:\/\/wavewoman.world\/site\/wp-content\/uploads\/2023\/11\/associacao-fernanda.png 520w, https:\/\/wavewoman.world\/site\/wp-content\/uploads\/2023\/11\/associacao-fernanda-300x81.png 300w\" sizes=\"(max-width: 520px) 100vw, 520px\" \/>\t\t\t\t\t\t\t\t<\/a>\n\t\t\t\t\t\t\t\t\t\t\t\t\t\t\t<\/div>\n\t\t\t\t<\/div>\n\t\t\t\t\t<\/div>\n\t\t\t\t<\/div>\n\t\t<div class=\"elementor-element elementor-element-ee56789 e-con-full e-flex e-con e-child\" data-id=\"ee56789\" data-element_type=\"container\">\n\t\t\t\t<div class=\"elementor-element elementor-element-f906abb elementor-widget__width-inherit elementor-widget elementor-widget-image\" data-id=\"f906abb\" data-element_type=\"widget\" data-widget_type=\"image.default\">\n\t\t\t\t<div class=\"elementor-widget-container\">\n\t\t\t\t\t\t\t\t\t\t\t\t\t\t\t\t<a href=\"https:\/\/www.instagram.com\/childhoodbrasil\/\" target=\"_blank\">\n\t\t\t\t\t\t\t<img loading=\"lazy\" decoding=\"async\" width=\"521\" height=\"141\" src=\"https:\/\/wavewoman.world\/site\/wp-content\/uploads\/2023\/11\/childhoodbrasil.png\" class=\"attachment-full size-full wp-image-783\" alt=\"\" srcset=\"https:\/\/wavewoman.world\/site\/wp-content\/uploads\/2023\/11\/childhoodbrasil.png 521w, https:\/\/wavewoman.world\/site\/wp-content\/uploads\/2023\/11\/childhoodbrasil-300x81.png 300w\" sizes=\"(max-width: 521px) 100vw, 521px\" \/>\t\t\t\t\t\t\t\t<\/a>\n\t\t\t\t\t\t\t\t\t\t\t\t\t\t\t<\/div>\n\t\t\t\t<\/div>\n\t\t\t\t<\/div>\n\t\t\t\t\t<\/div>\n\t\t\t\t<\/div>\n\t\t<div class=\"elementor-element elementor-element-65f3bd7 e-flex e-con-boxed e-con e-child\" data-id=\"65f3bd7\" data-element_type=\"container\">\n\t\t\t\t\t<div class=\"e-con-inner\">\n\t\t<div class=\"elementor-element elementor-element-be4368b e-flex e-con-boxed e-con e-child\" data-id=\"be4368b\" data-element_type=\"container\">\n\t\t\t\t\t<div class=\"e-con-inner\">\n\t\t\t\t<div class=\"elementor-element elementor-element-9b08075 elementor-widget__width-inherit elementor-widget elementor-widget-image\" data-id=\"9b08075\" data-element_type=\"widget\" data-widget_type=\"image.default\">\n\t\t\t\t<div class=\"elementor-widget-container\">\n\t\t\t\t\t\t\t\t\t\t\t\t\t\t\t\t<a href=\"https:\/\/www.instagram.com\/fundacaoalmerindamalaquias\/\" target=\"_blank\">\n\t\t\t\t\t\t\t<img loading=\"lazy\" decoding=\"async\" width=\"520\" height=\"141\" src=\"https:\/\/wavewoman.world\/site\/wp-content\/uploads\/2023\/11\/fundacaoalmerindamalaquias.png\" class=\"attachment-full size-full wp-image-784\" alt=\"\" srcset=\"https:\/\/wavewoman.world\/site\/wp-content\/uploads\/2023\/11\/fundacaoalmerindamalaquias.png 520w, https:\/\/wavewoman.world\/site\/wp-content\/uploads\/2023\/11\/fundacaoalmerindamalaquias-300x81.png 300w\" sizes=\"(max-width: 520px) 100vw, 520px\" \/>\t\t\t\t\t\t\t\t<\/a>\n\t\t\t\t\t\t\t\t\t\t\t\t\t\t\t<\/div>\n\t\t\t\t<\/div>\n\t\t\t\t\t<\/div>\n\t\t\t\t<\/div>\n\t\t<div class=\"elementor-element elementor-element-98c9496 e-con-full e-flex e-con e-child\" data-id=\"98c9496\" data-element_type=\"container\">\n\t\t\t\t<div class=\"elementor-element elementor-element-418b4a1 elementor-widget__width-inherit elementor-widget elementor-widget-image\" data-id=\"418b4a1\" data-element_type=\"widget\" data-widget_type=\"image.default\">\n\t\t\t\t<div class=\"elementor-widget-container\">\n\t\t\t\t\t\t\t\t\t\t\t\t\t\t\t\t<a href=\"https:\/\/www.instagram.com\/iecim_\/\" target=\"_blank\">\n\t\t\t\t\t\t\t<img loading=\"lazy\" decoding=\"async\" width=\"521\" height=\"141\" src=\"https:\/\/wavewoman.world\/site\/wp-content\/uploads\/2023\/11\/iecim.png\" class=\"attachment-full size-full wp-image-785\" alt=\"\" srcset=\"https:\/\/wavewoman.world\/site\/wp-content\/uploads\/2023\/11\/iecim.png 521w, https:\/\/wavewoman.world\/site\/wp-content\/uploads\/2023\/11\/iecim-300x81.png 300w\" sizes=\"(max-width: 521px) 100vw, 521px\" \/>\t\t\t\t\t\t\t\t<\/a>\n\t\t\t\t\t\t\t\t\t\t\t\t\t\t\t<\/div>\n\t\t\t\t<\/div>\n\t\t\t\t<\/div>\n\t\t\t\t\t<\/div>\n\t\t\t\t<\/div>\n\t\t\t\t<\/div>\n\t\t\t\t\t<\/div>\n\t\t\t\t<\/div>\n\t\t\t\t<\/div>\n\t\t","protected":false},"excerpt":{"rendered":"<p>O Projeto Social W O mar nasceu para todos Todo brasileiro merece ter a chance de mergulhar no mar AutoEstima &#038; Autoconhecimento Legado &#038; Prop\u00f3sito O que precisamos: \u00f4nibus escolar para viajar. Volunt\u00e1rios. vale-alimenta\u00e7\u00e3o para almo\u00e7o\/ lanche tarde\/lanche volta &#8211; Combust\u00edvel Contribui\u00e7\u00e3o ao terceiro setor Parte da renda destinadas \u00e0 causas urgentes e relevantes. Tempo [&hellip;]<\/p>\n","protected":false},"author":1,"featured_media":0,"parent":0,"menu_order":0,"comment_status":"closed","ping_status":"closed","template":"","meta":{"pmpro_default_level":"","footnotes":""},"class_list":["post-763","page","type-page","status-publish","hentry","pmpro-has-access"],"_links":{"self":[{"href":"https:\/\/wavewoman.world\/site\/wp-json\/wp\/v2\/pages\/763","targetHints":{"allow":["GET"]}}],"collection":[{"href":"https:\/\/wavewoman.world\/site\/wp-json\/wp\/v2\/pages"}],"about":[{"href":"https:\/\/wavewoman.world\/site\/wp-json\/wp\/v2\/types\/page"}],"author":[{"embeddable":true,"href":"https:\/\/wavewoman.world\/site\/wp-json\/wp\/v2\/users\/1"}],"replies":[{"embeddable":true,"href":"https:\/\/wavewoman.world\/site\/wp-json\/wp\/v2\/comments?post=763"}],"version-history":[{"count":16,"href":"https:\/\/wavewoman.world\/site\/wp-json\/wp\/v2\/pages\/763\/revisions"}],"predecessor-version":[{"id":791,"href":"https:\/\/wavewoman.world\/site\/wp-json\/wp\/v2\/pages\/763\/revisions\/791"}],"wp:attachment":[{"href":"https:\/\/wavewoman.world\/site\/wp-json\/wp\/v2\/media?parent=763"}],"curies":[{"name":"wp","href":"https:\/\/api.w.org\/{rel}","templated":true}]}}